 by 992847?
101
What is the remainder when 443820 is divided by 1883?
1315
What is the remainder when 313288 is divided by 78219?
412
Calculate the remainder when 2745918 is divided by 1147.
0
Calculate the remainder when 58844 is divided by 9740.
404
What is the remainder when 292226 is divided by 291915?
311
What is the remainder when 19457135 is divided by 972855?
35
What is the remainder when 2187777 is divided by 437554?
7
What is the remainder when 65236 is divided by 65234?
2
Calculate the remainder when 483753241 is divided by 161251077.
10
Calculate the remainder when 221588 is divided by 2630.
668
Calculate the remainder when 232321221 is divided by 19360101.
9
What is the remainder when 1260039 is divided by 340?
339
Calculate the remainder when 5200182 is divided by 216674.
6
What is the remainder when 19369110 is divided by 1698?
24
What is the remainder when 414704 is divided by 238?
108
What is the remainder when 729459133 is divided by 38?
37
What is the remainder when 2437273 is divided by 1845?
28
What is the remainder when 2146392 is divided by 2146363?
29
Calculate the remainder when 1120030 is divided by 1021.
1014
Calculate the remainder when 3522937 is divided by 3573.
3532
Calculate the remainder when 8339770 is divided by 8339760.
10
Calculate the remainder when 577276 is divided by 16031.
160
Calculate the remainder when 668816 is divided by 13321.
2766
What is the remainder when 44323 is divided by 19936?
4451
What is the remainder when 280086 is divided by 8394?
3084
Calculate the remainder when 33083 is divided by 33021.
62
Calculate the remainder when 568425 is divided by 1310.
1195
What is the remainder when 50477161 is divided by 2294?
2279
Calculate the remainder when 1244190 is divided by 264.
222
What is the remainder when 13659315 is divided by 154?
131
Calculate the remainder when 1232304 is divided by 616143.
18
What is the remainder when 199927799 is divided by 66642594?
17
What is the remainder when 4621007 is divided by 115525?
7
What is the remainder when 131752044 is divided by 235?
234
Calculate the remainder when 119566 is divided by 39850.
16
What is the remainder when 20559057 is divided by 2569880?
17
Calculate the remainder when 750818 is divided by 37540.
18
What is the remainder when 40539 is divided by 89?
44
What is the remainder when 216104 is divided by 605?
119
Calculate the remainder when 127394 is divided by 3140.
1794
What is the remainder when 38904857 is divided by 532943?
18
What is the remainder when 484423 is divided by 501?
457
Calculate the remainder when 5232024 is divided by 2482.
2450
Calculate the remainder when 9329190 is divided by 2248.
2238
Calculate the remainder when 274262 is divided by 34178.
838
Calculate the remainder when 179364 is divided by 2934.
390
What is the remainder when 94072 is divided by 93852?
220
Calculate the remainder when 72875558 is divided by 1457511.
8
Calculate the remainder when 41780 is divided by 1313.
1077
Calculate the remainder when 6011277 is divided by 398.
283
What is the remainder when 24870277 is divided by 14?
5
What is the remainder when 54662 is divided by 165?
47
Calculate the remainder when 7857 is divided by 6809.
1048
What is the remainder when 1036433 is divided by 1881?
2
Calculate the remainder when 9421 is divided by 2878.
787
What is the remainder when 2590299 is divided by 863137?
888
What is the remainder when 5620 is divided by 5066?
554
What is the remainder when 518338589 is divided by 363?
362
What is the remainder when 2549891 is divided by 39?
32
What is the remainder when 262274 is divided by 5464?
2
What is the remainder when 41383 is divided by 5087?
687
What is the remainder when 1096118 is divided by 28104?
62
Calculate the remainder when 9731224 is divided by 22.
8
Calculate the remainder when 1304482 is divided by 4039.
3924
Calculate the remainder when 3453322 is divided by 265639.
15
What is the remainder when 148945 is divided by 18201?
3337
What is the remainder when 737144 is divided by 15682?
90
What is the remainder when 137903 is divided by 166?
123
What is the remainder when 11162060 is divided by 10858?
36
What is the remainder when 9338586 is divided by 5282?
10
Calculate the remainder when 4799068 is divided by 129704.
20
What is the remainder when 68061974 is divided by 1693?
1681
Calculate the remainder when 616586897 is divided by 620.
617
What is the remainder when 7817890 is divided by 331?
1
What is the remainder when 99715 is divided by 6067?
2643
What is the remainder when 49383 is divided by 12?
3
What is the remainder when 190675143 is divided by 48?
39
What is the remainder when 4375005 is divided by 739?
125
Calculate the remainder when 53414 is divided by 705.
539
What is the remainder when 5911486 is divided by 700?
686
What is the remainder when 32600183 is divided by 1164?
35
What is the remainder when 90656 is divided by 29981?
713
Calculate the remainder when 48665928 is divided by 193.
13
Calculate the remainder when 4077698 is divided by 22.
20
What is the remainder when 4808682 is divided by 816?
810
What is the remainder when 34135 is divided by 146?
117
Calculate the remainder when 36965195 is divided by 4436.
7
Calculate the remainder when 43502155 is divided by 292.
287
What is the remainder when 273202 is divided by 1872?
1762
Calculate the remainder when 4647830 is divided by 21.
5
Calculate the remainder when 3245060 is divided by 116.
76
Calculate the remainder when 41925807 is divided by 289.
288
What is the remainder when 1566176 is divided by 18642?
248
What is the remainder when 68837 is divided by 12?
5
What is the remainder when 31684 is divided by 13939?
3806
What is the remainder when 11437 is divided by 231?
118
What is the remainder when 8804707 is divided by 54350?
7
What is the remainder when 14973604 is divided by 13?
9
What is the remainder when 10023993 is divided by 4485?
18
Calculate the remainder when 5328383 is divided by 242196.
71
Calculate the remainder when 1225135 is divided by 323.
319
What is the remainder when 23579366 is divided by 137891?
5
What is the remainder when 114734579 is divided by 17?
15
What is the remainder when 246476 is divided by 241765?
4711
Calculate the remainder when 81990 is divided by 6208.
1286
What is the remainder when 41035 is divided by 901?
490
What is the remainder when 1693993 is divided by 23859?
4
Calculate the remainder when 1141394037 is divided by 4164.
4161
What is the remainder when 30949 is divided by 98?
79
Calculate the remainder when 39600309 is divided by 2607.
2586
Calculate the remainder when 17044807 is divided by 1871.
1868
Calculate the remainder when 119850189 is divided by 2079.
2076
Calculate the remainder when 18004082 is divided by 20.
2
What is the remainder when 9714 is divided by 9567?
147
What is the remainder when 200054 is divided by 2630?
174
What is the remainder when 10254513 is divided by 187?
181
Calculate the remainder when 46514813 is divided by 151.
18
Calculate the remainder when 17777824 is divided by 181.
4
What is the remainder when 615867 is divided by 5402?
39
Calculate the remainder when 109007782 is divided by 101.
98
Calculate the remainder when 768864 is divided by 15376.
64
What is the remainder when 225137 is divided by 2784?
2417
What is the remainder when 900583 is divided by 11473?
5689
Calculate the remainder when 31311266 is divided by 3544.
26
What is the remainder when 5368215 is divided by 1789389?
48
Calculate the remainder when 35382 is divided by 314.
214
Calculate the remainder when 382065 is divided by 732.
693
Calculate the remainder when 39895 is divided by 111.
46
What is the remainder when 533407 is divided by 2540?
7
Calculate the remainder when 1242237 is divided by 2153.
2109
What is the remainder when 2036651 is divided by 207?
185
What is the remainder when 4329509 is divided by 32799?
41
What is the remainder when 592031 is divided by 9397?
20
What is the remainder when 70307 is divided by 1154?
1067
Calculate the remainder when 11503074 is divided by 228.
18
Calculate the remainder when 75073 is divided by 2208.
1
Calculate the remainder when 784869 is divided by 196168.
197
What is the remainder when 841012 is divided by 210239?
56
C